{"id":26137,"date":"2024-02-12T14:13:44","date_gmt":"2024-02-12T13:13:44","guid":{"rendered":"https:\/\/bmmetz.fr\/blog\/?page_id=26137"},"modified":"2025-01-21T15:57:24","modified_gmt":"2025-01-21T14:57:24","slug":"helene-laurain","status":"publish","type":"page","link":"https:\/\/bmmetz.fr\/blog\/helene-laurain\/","title":{"rendered":"H\u00e9l\u00e8ne Laurain"},"content":{"rendered":"\t\t<div data-elementor-type=\"wp-page\" data-elementor-id=\"26137\" class=\"elementor elementor-26137\" data-elementor-post-type=\"page\">\n\t\t\t\t\t\t<section class=\"elementor-section elementor-top-section elementor-element elementor-element-70f326da elementor-section-boxed elementor-section-height-default elementor-section-height-default\" data-id=\"70f326da\" data-element_type=\"section\" data-settings=\"{&quot;background_background&quot;:&quot;classic&quot;}\">\n\t\t\t\t\t\t\t<div class=\"elementor-background-overlay\"><\/div>\n\t\t\t\t\t\t\t<div class=\"elementor-container elementor-column-gap-default\">\n\t\t\t\t\t<div class=\"elementor-column elementor-col-100 elementor-top-column elementor-element elementor-element-2ce478ec\" data-id=\"2ce478ec\" data-element_type=\"column\">\n\t\t\t<div class=\"elementor-widget-wrap elementor-element-populated\">\n\t\t\t\t\t\t<section class=\"elementor-section elementor-inner-section elementor-element elementor-element-387fb5fa elementor-section-boxed elementor-section-height-default elementor-section-height-default\" data-id=\"387fb5fa\" data-element_type=\"section\">\n\t\t\t\t\t\t<div class=\"elementor-container elementor-column-gap-no\">\n\t\t\t\t\t<div class=\"elementor-column elementor-col-66 elementor-inner-column elementor-element elementor-element-1b27d49\" data-id=\"1b27d49\" data-element_type=\"column\" data-settings=\"{&quot;background_background&quot;:&quot;classic&quot;}\">\n\t\t\t<div class=\"elementor-widget-wrap elementor-element-populated\">\n\t\t\t\t\t<div class=\"elementor-background-overlay\"><\/div>\n\t\t\t\t\t\t<div class=\"elementor-element elementor-element-426c8d6c e-transform elementor-widget elementor-widget-heading\" data-id=\"426c8d6c\" data-element_type=\"widget\" data-settings=\"{&quot;_transform_rotateZ_effect&quot;:{&quot;unit&quot;:&quot;px&quot;,&quot;size&quot;:&quot;&quot;,&quot;sizes&quot;:[]},&quot;_transform_rotateZ_effect_tablet&quot;:{&quot;unit&quot;:&quot;deg&quot;,&quot;size&quot;:&quot;&quot;,&quot;sizes&quot;:[]},&quot;_transform_rotateZ_effect_mobile&quot;:{&quot;unit&quot;:&quot;deg&quot;,&quot;size&quot;:&quot;&quot;,&quot;sizes&quot;:[]}}\" data-widget_type=\"heading.default\">\n\t\t\t\t<div class=\"elementor-widget-container\">\n\t\t\t\t\t<h2 class=\"elementor-heading-title elementor-size-default\">H\u00e9l\u00e8ne Laurain<\/h2>\t\t\t\t<\/div>\n\t\t\t\t<\/div>\n\t\t\t\t<div class=\"elementor-element elementor-element-498a9f4a elementor-widget elementor-widget-text-editor\" data-id=\"498a9f4a\" data-element_type=\"widget\" data-widget_type=\"text-editor.default\">\n\t\t\t\t<div class=\"elementor-widget-container\">\n\t\t\t\t\t\t\t\t\t<p><\/p>\n<p>N\u00e9e \u00e0 Metz en 1988, H\u00e9l\u00e8ne Laurain a \u00e9tudi\u00e9 les sciences politiques ainsi que l\u2019arabe en France et en Allemagne, puis la cr\u00e9ation litt\u00e9raire \u00e0 Paris-VIII. Elle vit dans le Grand Est avec sa famille et y travaille en tant que traductrice de l\u2019allemand. Elle anime actuellement un groupe de lecture au Fonds r\u00e9gional d\u2019art contemporain de Lorraine autour du th\u00e8me de l\u2019\u00e9mancipation. Elle s\u2019int\u00e9resse notamment \u00e0 ce qui a trait au vivant, au f\u00e9minisme, \u00e0 la maternit\u00e9, et s\u2019attache \u00e0 trouver des formes qui disent le contemporain.<\/p>\n<p><\/p>\t\t\t\t\t\t\t\t<\/div>\n\t\t\t\t<\/div>\n\t\t\t\t<div class=\"elementor-element elementor-element-1e62d63b e-transform elementor-widget elementor-widget-heading\" data-id=\"1e62d63b\" data-element_type=\"widget\" data-settings=\"{&quot;_transform_rotateZ_effect&quot;:{&quot;unit&quot;:&quot;px&quot;,&quot;size&quot;:&quot;&quot;,&quot;sizes&quot;:[]},&quot;_transform_rotateZ_effect_tablet&quot;:{&quot;unit&quot;:&quot;deg&quot;,&quot;size&quot;:&quot;&quot;,&quot;sizes&quot;:[]},&quot;_transform_rotateZ_effect_mobile&quot;:{&quot;unit&quot;:&quot;deg&quot;,&quot;size&quot;:&quot;&quot;,&quot;sizes&quot;:[]}}\" data-widget_type=\"heading.default\">\n\t\t\t\t<div class=\"elementor-widget-container\">\n\t\t\t\t\t<h2 class=\"elementor-heading-title elementor-size-default\">H\u00e9l\u00e8ne Laurain sur le web  :<\/h2>\t\t\t\t<\/div>\n\t\t\t\t<\/div>\n\t\t\t\t<div class=\"elementor-element elementor-element-3779e440 elementor-shape-square e-grid-align-left elementor-grid-0 elementor-widget elementor-widget-social-icons\" data-id=\"3779e440\" data-element_type=\"widget\" data-widget_type=\"social-icons.default\">\n\t\t\t\t<div class=\"elementor-widget-container\">\n\t\t\t\t\t\t\t<div class=\"elementor-social-icons-wrapper elementor-grid\">\n\t\t\t\t\t\t\t<span class=\"elementor-grid-item\">\n\t\t\t\t\t<a class=\"elementor-icon elementor-social-icon elementor-social-icon-instagram elementor-repeater-item-1591d4f\" href=\"https:\/\/www.instagram.com\/helene_laurain\/\" target=\"_blank\">\n\t\t\t\t\t\t<span class=\"elementor-screen-only\">Instagram<\/span>\n\t\t\t\t\t\t<i class=\"fab fa-instagram\"><\/i>\t\t\t\t\t<\/a>\n\t\t\t\t<\/span>\n\t\t\t\t\t<\/div>\n\t\t\t\t\t\t<\/div>\n\t\t\t\t<\/div>\n\t\t\t\t<div class=\"elementor-element elementor-element-3e985555 elementor-widget elementor-widget-spacer\" data-id=\"3e985555\" data-element_type=\"widget\" data-widget_type=\"spacer.default\">\n\t\t\t\t<div class=\"elementor-widget-container\">\n\t\t\t\t\t\t\t<div class=\"elementor-spacer\">\n\t\t\t<div class=\"elementor-spacer-inner\"><\/div>\n\t\t<\/div>\n\t\t\t\t\t\t<\/div>\n\t\t\t\t<\/div>\n\t\t\t\t\t<\/div>\n\t\t<\/div>\n\t\t\t\t<div class=\"elementor-column elementor-col-33 elementor-inner-column elementor-element elementor-element-7f4c020f\" data-id=\"7f4c020f\" data-element_type=\"column\" data-settings=\"{&quot;background_background&quot;:&quot;classic&quot;}\">\n\t\t\t<div class=\"elementor-widget-wrap elementor-element-populated\">\n\t\t\t\t\t<div class=\"elementor-background-overlay\"><\/div>\n\t\t\t\t\t\t<div class=\"elementor-element elementor-element-1026a63c elementor-widget elementor-widget-image\" data-id=\"1026a63c\" data-element_type=\"widget\" data-widget_type=\"image.default\">\n\t\t\t\t<div class=\"elementor-widget-container\">\n\t\t\t\t\t\t\t\t\t\t\t\t\t\t\t<img fetchpriority=\"high\" decoding=\"async\" width=\"800\" height=\"534\" src=\"https:\/\/bmmetz.fr\/blog\/wp-content\/uploads\/2025\/01\/Helene_Laurain_portrait-credit-Alexander-Abdelilah-1024x683.jpeg\" class=\"attachment-large size-large wp-image-26246\" alt=\"\" srcset=\"https:\/\/bmmetz.fr\/blog\/wp-content\/uploads\/2025\/01\/Helene_Laurain_portrait-credit-Alexander-Abdelilah-1024x683.jpeg 1024w, https:\/\/bmmetz.fr\/blog\/wp-content\/uploads\/2025\/01\/Helene_Laurain_portrait-credit-Alexander-Abdelilah-300x200.jpeg 300w, https:\/\/bmmetz.fr\/blog\/wp-content\/uploads\/2025\/01\/Helene_Laurain_portrait-credit-Alexander-Abdelilah-768x512.jpeg 768w, https:\/\/bmmetz.fr\/blog\/wp-content\/uploads\/2025\/01\/Helene_Laurain_portrait-credit-Alexander-Abdelilah-1536x1024.jpeg 1536w, https:\/\/bmmetz.fr\/blog\/wp-content\/uploads\/2025\/01\/Helene_Laurain_portrait-credit-Alexander-Abdelilah-2048x1365.jpeg 2048w\" sizes=\"(max-width: 800px) 100vw, 800px\" \/>\t\t\t\t\t\t\t\t\t\t\t\t\t\t\t<\/div>\n\t\t\t\t<\/div>\n\t\t\t\t\t<\/div>\n\t\t<\/div>\n\t\t\t\t\t<\/div>\n\t\t<\/section>\n\t\t\t\t\t<\/div>\n\t\t<\/div>\n\t\t\t\t\t<\/div>\n\t\t<\/section>\n\t\t\t\t<section class=\"elementor-section elementor-top-section elementor-element elementor-element-2ec09c55 elementor-section-boxed elementor-section-height-default elementor-section-height-default\" data-id=\"2ec09c55\" data-element_type=\"section\" data-settings=\"{&quot;background_background&quot;:&quot;classic&quot;}\">\n\t\t\t\t\t\t<div class=\"elementor-container elementor-column-gap-default\">\n\t\t\t\t\t<div class=\"elementor-column elementor-col-50 elementor-top-column elementor-element elementor-element-2437d21a\" data-id=\"2437d21a\" data-element_type=\"column\">\n\t\t\t<div class=\"elementor-widget-wrap elementor-element-populated\">\n\t\t\t\t\t\t<div class=\"elementor-element elementor-element-24d29739 elementor-widget elementor-widget-image\" data-id=\"24d29739\" data-element_type=\"widget\" data-widget_type=\"image.default\">\n\t\t\t\t<div class=\"elementor-widget-container\">\n\t\t\t\t\t\t\t\t\t\t\t\t\t\t\t<img decoding=\"async\" width=\"652\" height=\"1024\" src=\"https:\/\/bmmetz.fr\/blog\/wp-content\/uploads\/2025\/01\/partout_le_feu-652x1024-1.jpg\" class=\"attachment-large size-large wp-image-26436\" alt=\"\" srcset=\"https:\/\/bmmetz.fr\/blog\/wp-content\/uploads\/2025\/01\/partout_le_feu-652x1024-1.jpg 652w, https:\/\/bmmetz.fr\/blog\/wp-content\/uploads\/2025\/01\/partout_le_feu-652x1024-1-191x300.jpg 191w\" sizes=\"(max-width: 652px) 100vw, 652px\" \/>\t\t\t\t\t\t\t\t\t\t\t\t\t\t\t<\/div>\n\t\t\t\t<\/div>\n\t\t\t\t\t<\/div>\n\t\t<\/div>\n\t\t\t\t<div class=\"elementor-column elementor-col-50 elementor-top-column elementor-element elementor-element-a1bf876\" data-id=\"a1bf876\" data-element_type=\"column\">\n\t\t\t<div class=\"elementor-widget-wrap elementor-element-populated\">\n\t\t\t\t\t\t<div class=\"elementor-element elementor-element-4f72f0a1 elementor-widget elementor-widget-heading\" data-id=\"4f72f0a1\" data-element_type=\"widget\" data-widget_type=\"heading.default\">\n\t\t\t\t<div class=\"elementor-widget-container\">\n\t\t\t\t\t<h2 class=\"elementor-heading-title elementor-size-default\">son premier romain<\/h2>\t\t\t\t<\/div>\n\t\t\t\t<\/div>\n\t\t\t\t<div class=\"elementor-element elementor-element-5cb2957 elementor-widget elementor-widget-heading\" data-id=\"5cb2957\" data-element_type=\"widget\" data-widget_type=\"heading.default\">\n\t\t\t\t<div class=\"elementor-widget-container\">\n\t\t\t\t\t<h2 class=\"elementor-heading-title elementor-size-default\">Partout le feu<\/h2>\t\t\t\t<\/div>\n\t\t\t\t<\/div>\n\t\t\t\t<div class=\"elementor-element elementor-element-62ad11c0 elementor-widget elementor-widget-heading\" data-id=\"62ad11c0\" data-element_type=\"widget\" data-widget_type=\"heading.default\">\n\t\t\t\t<div class=\"elementor-widget-container\">\n\t\t\t\t\t<h2 class=\"elementor-heading-title elementor-size-default\">janvier 2022, \u00e9ditions Verdier<\/h2>\t\t\t\t<\/div>\n\t\t\t\t<\/div>\n\t\t\t\t<div class=\"elementor-element elementor-element-47e2d783 elementor-widget elementor-widget-text-editor\" data-id=\"47e2d783\" data-element_type=\"widget\" data-widget_type=\"text-editor.default\">\n\t\t\t\t<div class=\"elementor-widget-container\">\n\t\t\t\t\t\t\t\t\t<p><\/p>\n<p>Laetitia est n\u00e9e trois minutes avant sa s\u0153ur jumelle Margaux et trente-sept minutes avant l\u2019explosion de Tchernobyl. Malgr\u00e9 des \u00e9tudes dans une grande \u00e9cole de commerce, elle grenouille au Snowhall de Thermes-les-Bains, au d\u00e9sespoir de ses parents. Elle vit \u00e0 La Cave o\u00f9 elle \u00e9coute Nick Cave, obs\u00e9d\u00e9e par les SUV et la catastrophe climatique en cours.<\/p>\n<p>Il faut dire que Laetitia vit en Lorraine o\u00f9 l\u2019\u00c9tat, n\u2019ayant d\u00e9sormais plus de colonie \u00e0 saccager, a d\u00e9cid\u00e9 d\u2019enfouir tous les d\u00e9chets radioactifs de France. Alors avec sa bande, Taupe, Fauteur, Thelma, D\u00e9d\u00e9, elle m\u00e8ne une premi\u00e8re action spectaculaire qui n\u2019est qu\u2019un pr\u00e9ambule au grand incendie final.<\/p>\n<p>Dans ce premier roman haletant o\u00f9 l\u2019oralit\u00e9 tient lieu de ponctuation, H\u00e9l\u00e8ne Laurain nous immerge au c\u0153ur incandescent des activismes contemporains.<\/p>\n<p><\/p>\t\t\t\t\t\t\t\t<\/div>\n\t\t\t\t<\/div>\n\t\t\t\t<div class=\"elementor-element elementor-element-2e792c10 elementor-widget elementor-widget-heading\" data-id=\"2e792c10\" data-element_type=\"widget\" data-widget_type=\"heading.default\">\n\t\t\t\t<div class=\"elementor-widget-container\">\n\t\t\t\t\t<h2 class=\"elementor-heading-title elementor-size-default\">PLus d'infos sur le roman<\/h2>\t\t\t\t<\/div>\n\t\t\t\t<\/div>\n\t\t\t\t<div class=\"elementor-element elementor-element-2ec28dba elementor-align-left elementor-widget__width-auto elementor-widget elementor-widget-button\" data-id=\"2ec28dba\" data-element_type=\"widget\" data-widget_type=\"button.default\">\n\t\t\t\t<div class=\"elementor-widget-container\">\n\t\t\t\t\t\t\t\t\t<div class=\"elementor-button-wrapper\">\n\t\t\t\t\t<a class=\"elementor-button elementor-button-link elementor-size-sm\" href=\"https:\/\/editions-verdier.fr\/livre\/partout-le-feu\/\">\n\t\t\t\t\t\t<span class=\"elementor-button-content-wrapper\">\n\t\t\t\t\t\t\t\t\t<span class=\"elementor-button-text\">> site des \u00e9ditions Verdier<\/span>\n\t\t\t\t\t<\/span>\n\t\t\t\t\t<\/a>\n\t\t\t\t<\/div>\n\t\t\t\t\t\t\t\t<\/div>\n\t\t\t\t<\/div>\n\t\t\t\t<div class=\"elementor-element elementor-element-39643ec6 elementor-widget elementor-widget-heading\" data-id=\"39643ec6\" data-element_type=\"widget\" data-widget_type=\"heading.default\">\n\t\t\t\t<div class=\"elementor-widget-container\">\n\t\t\t\t\t<h2 class=\"elementor-heading-title elementor-size-default\">dans le catalogue des M\u00e9diath\u00e8ques de Metz<\/h2>\t\t\t\t<\/div>\n\t\t\t\t<\/div>\n\t\t\t\t<div class=\"elementor-element elementor-element-264e5fff elementor-align-left elementor-widget__width-auto elementor-widget elementor-widget-button\" data-id=\"264e5fff\" data-element_type=\"widget\" data-widget_type=\"button.default\">\n\t\t\t\t<div class=\"elementor-widget-container\">\n\t\t\t\t\t\t\t\t\t<div class=\"elementor-button-wrapper\">\n\t\t\t\t\t<a class=\"elementor-button elementor-button-link elementor-size-sm\" href=\"https:\/\/bm.metz.fr\/iguana\/www.main.cls?surl=search&#038;p=d2d29c5a-3e3b-11e3-bf0b-5056be00fa00#recordId=1.929821&#038;srchDb=1\" target=\"_blank\">\n\t\t\t\t\t\t<span class=\"elementor-button-content-wrapper\">\n\t\t\t\t\t\t\t\t\t<span class=\"elementor-button-text\">> r\u00e9server le livre <\/span>\n\t\t\t\t\t<\/span>\n\t\t\t\t\t<\/a>\n\t\t\t\t<\/div>\n\t\t\t\t\t\t\t\t<\/div>\n\t\t\t\t<\/div>\n\t\t\t\t\t<\/div>\n\t\t<\/div>\n\t\t\t\t\t<\/div>\n\t\t<\/section>\n\t\t\t\t<section class=\"elementor-section elementor-top-section elementor-element elementor-element-66efbca6 elementor-section-boxed elementor-section-height-default elementor-section-height-default\" data-id=\"66efbca6\" data-element_type=\"section\" data-settings=\"{&quot;background_background&quot;:&quot;classic&quot;}\">\n\t\t\t\t\t\t<div class=\"elementor-container elementor-column-gap-default\">\n\t\t\t\t\t<div class=\"elementor-column elementor-col-100 elementor-top-column elementor-element elementor-element-53b0bc1e\" data-id=\"53b0bc1e\" data-element_type=\"column\">\n\t\t\t<div class=\"elementor-widget-wrap elementor-element-populated\">\n\t\t\t\t\t\t<div class=\"elementor-element elementor-element-24dc5fed elementor-widget elementor-widget-heading\" data-id=\"24dc5fed\" data-element_type=\"widget\" data-widget_type=\"heading.default\">\n\t\t\t\t<div class=\"elementor-widget-container\">\n\t\t\t\t\t<h2 class=\"elementor-heading-title elementor-size-default\">H\u00e9l\u00e8ne Laurain sur le blog<\/h2>\t\t\t\t<\/div>\n\t\t\t\t<\/div>\n\t\t\t\t<div class=\"elementor-element elementor-element-13864ab3 elementor-grid-3 elementor-grid-tablet-2 elementor-grid-mobile-1 elementor-posts--thumbnail-top elementor-card-shadow-yes elementor-posts__hover-gradient elementor-widget elementor-widget-posts\" data-id=\"13864ab3\" data-element_type=\"widget\" data-settings=\"{&quot;cards_columns&quot;:&quot;3&quot;,&quot;cards_columns_tablet&quot;:&quot;2&quot;,&quot;cards_columns_mobile&quot;:&quot;1&quot;,&quot;cards_row_gap&quot;:{&quot;unit&quot;:&quot;px&quot;,&quot;size&quot;:35,&quot;sizes&quot;:[]},&quot;cards_row_gap_tablet&quot;:{&quot;unit&quot;:&quot;px&quot;,&quot;size&quot;:&quot;&quot;,&quot;sizes&quot;:[]},&quot;cards_row_gap_mobile&quot;:{&quot;unit&quot;:&quot;px&quot;,&quot;size&quot;:&quot;&quot;,&quot;sizes&quot;:[]}}\" data-widget_type=\"posts.cards\">\n\t\t\t\t<div class=\"elementor-widget-container\">\n\t\t\t\t\t\t\t<div class=\"elementor-posts-container elementor-posts elementor-posts--skin-cards elementor-grid\">\n\t\t\t\t<article class=\"elementor-post elementor-grid-item post-26223 post type-post status-publish format-standard has-post-thumbnail hentry category-actus category-helene-laurain\">\n\t\t\t<div class=\"elementor-post__card\">\n\t\t\t\t<a class=\"elementor-post__thumbnail__link\" href=\"https:\/\/bmmetz.fr\/blog\/2024\/02\/28\/soiree-lancement-residence\/\" tabindex=\"-1\" ><div class=\"elementor-post__thumbnail\"><img decoding=\"async\" width=\"300\" height=\"225\" src=\"https:\/\/bmmetz.fr\/blog\/wp-content\/uploads\/2025\/01\/429973960_791017019720672_3217241803139643807_n-300x225.jpg\" class=\"attachment-medium size-medium wp-image-26229\" alt=\"\" srcset=\"https:\/\/bmmetz.fr\/blog\/wp-content\/uploads\/2025\/01\/429973960_791017019720672_3217241803139643807_n-300x225.jpg 300w, https:\/\/bmmetz.fr\/blog\/wp-content\/uploads\/2025\/01\/429973960_791017019720672_3217241803139643807_n-1024x768.jpg 1024w, https:\/\/bmmetz.fr\/blog\/wp-content\/uploads\/2025\/01\/429973960_791017019720672_3217241803139643807_n-768x576.jpg 768w, https:\/\/bmmetz.fr\/blog\/wp-content\/uploads\/2025\/01\/429973960_791017019720672_3217241803139643807_n-1536x1152.jpg 1536w, https:\/\/bmmetz.fr\/blog\/wp-content\/uploads\/2025\/01\/429973960_791017019720672_3217241803139643807_n.jpg 2048w\" sizes=\"(max-width: 300px) 100vw, 300px\" \/><\/div><\/a>\n\t\t\t\t<div class=\"elementor-post__text\">\n\t\t\t\t<h3 class=\"elementor-post__title\">\n\t\t\t<a href=\"https:\/\/bmmetz.fr\/blog\/2024\/02\/28\/soiree-lancement-residence\/\" >\n\t\t\t\tSoir\u00e9e de lancement de la r\u00e9sidence d&rsquo;H\u00e9l\u00e8ne Laurain\t\t\t<\/a>\n\t\t<\/h3>\n\t\t\t\t<div class=\"elementor-post__excerpt\">\n\t\t\t<p>C\u2019est dans une ambiance intimiste que s\u2019est d\u00e9roul\u00e9e, samedi 24 f\u00e9vrier, la soir\u00e9e inaugurale de la r\u00e9sidence d&rsquo;\u00e9criture de l&rsquo;auteure messine H\u00e9l\u00e8ne Laurain. Des r\u00e9f\u00e9rences<\/p>\n\t\t<\/div>\n\t\t\n\t\t<a class=\"elementor-post__read-more\" href=\"https:\/\/bmmetz.fr\/blog\/2024\/02\/28\/soiree-lancement-residence\/\" aria-label=\"En savoir plus sur Soir\u00e9e de lancement de la r\u00e9sidence d&rsquo;H\u00e9l\u00e8ne Laurain\" tabindex=\"-1\" >\n\t\t\tLire plus \u00bb\t\t<\/a>\n\n\t\t\t\t<\/div>\n\t\t\t\t<div class=\"elementor-post__meta-data\">\n\t\t\t\t\t<span class=\"elementor-post-date\">\n\t\t\t28 f\u00e9vrier 2024\t\t<\/span>\n\t\t\t\t<\/div>\n\t\t\t\t\t<\/div>\n\t\t<\/article>\n\t\t\t\t<article class=\"elementor-post elementor-grid-item post-26235 post type-post status-publish format-standard has-post-thumbnail hentry category-actus category-helene-laurain\">\n\t\t\t<div class=\"elementor-post__card\">\n\t\t\t\t<a class=\"elementor-post__thumbnail__link\" href=\"https:\/\/bmmetz.fr\/blog\/2024\/02\/19\/helene-laurain-nouvelle-auteure-en-residence-2024\/\" tabindex=\"-1\" ><div class=\"elementor-post__thumbnail\"><img loading=\"lazy\" decoding=\"async\" width=\"300\" height=\"200\" src=\"https:\/\/bmmetz.fr\/blog\/wp-content\/uploads\/2025\/01\/Helene_Laurain_portrait-credit-Alexander-Abdelilah-300x200.jpeg\" class=\"attachment-medium size-medium wp-image-26246\" alt=\"\" srcset=\"https:\/\/bmmetz.fr\/blog\/wp-content\/uploads\/2025\/01\/Helene_Laurain_portrait-credit-Alexander-Abdelilah-300x200.jpeg 300w, https:\/\/bmmetz.fr\/blog\/wp-content\/uploads\/2025\/01\/Helene_Laurain_portrait-credit-Alexander-Abdelilah-1024x683.jpeg 1024w, https:\/\/bmmetz.fr\/blog\/wp-content\/uploads\/2025\/01\/Helene_Laurain_portrait-credit-Alexander-Abdelilah-768x512.jpeg 768w, https:\/\/bmmetz.fr\/blog\/wp-content\/uploads\/2025\/01\/Helene_Laurain_portrait-credit-Alexander-Abdelilah-1536x1024.jpeg 1536w, https:\/\/bmmetz.fr\/blog\/wp-content\/uploads\/2025\/01\/Helene_Laurain_portrait-credit-Alexander-Abdelilah-2048x1365.jpeg 2048w\" sizes=\"(max-width: 300px) 100vw, 300px\" \/><\/div><\/a>\n\t\t\t\t<div class=\"elementor-post__text\">\n\t\t\t\t<h3 class=\"elementor-post__title\">\n\t\t\t<a href=\"https:\/\/bmmetz.fr\/blog\/2024\/02\/19\/helene-laurain-nouvelle-auteure-en-residence-2024\/\" >\n\t\t\t\tH\u00e9l\u00e8ne Laurain, nouvelle auteure en r\u00e9sidence 2024\t\t\t<\/a>\n\t\t<\/h3>\n\t\t\t\t<div class=\"elementor-post__excerpt\">\n\t\t\t<p>Du 19 f\u00e9vrier au 21 avril 2024, les Biblioth\u00e8ques-M\u00e9diath\u00e8ques de Metz ont l\u2019honneur d\u2019accueillir H\u00e9l\u00e8ne Laurain \u00e0 l\u2019occasion de la troisi\u00e8me \u00e9dition de la r\u00e9sidence<\/p>\n\t\t<\/div>\n\t\t\n\t\t<a class=\"elementor-post__read-more\" href=\"https:\/\/bmmetz.fr\/blog\/2024\/02\/19\/helene-laurain-nouvelle-auteure-en-residence-2024\/\" aria-label=\"En savoir plus sur H\u00e9l\u00e8ne Laurain, nouvelle auteure en r\u00e9sidence 2024\" tabindex=\"-1\" >\n\t\t\tLire plus \u00bb\t\t<\/a>\n\n\t\t\t\t<\/div>\n\t\t\t\t<div class=\"elementor-post__meta-data\">\n\t\t\t\t\t<span class=\"elementor-post-date\">\n\t\t\t19 f\u00e9vrier 2024\t\t<\/span>\n\t\t\t\t<\/div>\n\t\t\t\t\t<\/div>\n\t\t<\/article>\n\t\t\t\t<\/div>\n\t\t\n\t\t\t\t\t\t<\/div>\n\t\t\t\t<\/div>\n\t\t\t\t\t<\/div>\n\t\t<\/div>\n\t\t\t\t\t<\/div>\n\t\t<\/section>\n\t\t\t\t<section class=\"elementor-section elementor-top-section elementor-element elementor-element-36e0cb90 elementor-section-boxed elementor-section-height-default elementor-section-height-default\" data-id=\"36e0cb90\" data-element_type=\"section\">\n\t\t\t\t\t\t<div class=\"elementor-container elementor-column-gap-default\">\n\t\t\t\t\t<div class=\"elementor-column elementor-col-100 elementor-top-column elementor-element elementor-element-61e39bae\" data-id=\"61e39bae\" data-element_type=\"column\">\n\t\t\t<div class=\"elementor-widget-wrap\">\n\t\t\t\t\t\t\t<\/div>\n\t\t<\/div>\n\t\t\t\t\t<\/div>\n\t\t<\/section>\n\t\t\t\t<\/div>\n\t\t","protected":false},"excerpt":{"rendered":"<p>H\u00e9l\u00e8ne Laurain N\u00e9e \u00e0 Metz en 1988, H\u00e9l\u00e8ne Laurain a \u00e9tudi\u00e9 les sciences politiques ainsi que l\u2019arabe en France et en Allemagne, puis la cr\u00e9ation litt\u00e9raire \u00e0 Paris-VIII. Elle vit dans le Grand Est avec sa famille et y travaille en tant que traductrice de l\u2019allemand. Elle anime actuellement un groupe de lecture au Fonds [&hellip;]<\/p>\n","protected":false},"author":1,"featured_media":0,"parent":0,"menu_order":0,"comment_status":"closed","ping_status":"closed","template":"","meta":{"footnotes":""},"_links":{"self":[{"href":"https:\/\/bmmetz.fr\/blog\/wp-json\/wp\/v2\/pages\/26137"}],"collection":[{"href":"https:\/\/bmmetz.fr\/blog\/wp-json\/wp\/v2\/pages"}],"about":[{"href":"https:\/\/bmmetz.fr\/blog\/wp-json\/wp\/v2\/types\/page"}],"author":[{"embeddable":true,"href":"https:\/\/bmmetz.fr\/blog\/wp-json\/wp\/v2\/users\/1"}],"replies":[{"embeddable":true,"href":"https:\/\/bmmetz.fr\/blog\/wp-json\/wp\/v2\/comments?post=26137"}],"version-history":[{"count":10,"href":"https:\/\/bmmetz.fr\/blog\/wp-json\/wp\/v2\/pages\/26137\/revisions"}],"predecessor-version":[{"id":26465,"href":"https:\/\/bmmetz.fr\/blog\/wp-json\/wp\/v2\/pages\/26137\/revisions\/26465"}],"wp:attachment":[{"href":"https:\/\/bmmetz.fr\/blog\/wp-json\/wp\/v2\/media?parent=26137"}],"curies":[{"name":"wp","href":"https:\/\/api.w.org\/{rel}","templated":true}]}}